uppose t + 13 = 3*x - t, 5*x + t - 39 = 0. What is the highest common divisor of 56 and x?
7
Let z(y) = -y**2 + 5*y - 2. Let b be z(4). Let i be ((-6)/(-2))/((-3)/b). Let s be 141/6 - i/4. What is the greatest common divisor of 12 and s?
12
Suppose i - 4 = 3*k, -3*i = -4*i + 5*k + 10. Let p be (-22)/(-8) + i/(-20). Suppose 0 = b - p*b + 132. Calculate the highest common factor of b and 6.
6
Suppose 2*c - t = 23, -3*t = -c + 3*c - 19. Suppose 5*h + 68 + 31 = u, 0 = 5*u + h - 495. Calculate the greatest common divisor of c and u.
11
Let m = 8 + -5. Suppose 5*k - 244 - 200 = w, m*w + 452 = 5*k. Suppose 5*h + 0*h = 55. Calculate the greatest common factor of h and k.
11
Suppose q = -3*q + 352. Suppose -5*g + 12 = -q. Calculate the greatest common divisor of g and 20.
20
Let p(y) = y - 6. Let j(d) = 2*d - 17. Let g(x) = 3*j(x) - 8*p(x). Let z be g(-5). Calculate the greatest common factor of z and 35.
7
Let i(s) be the first derivative of s**3/3 + 4*s + 3. Let y be i(3). What is the greatest common divisor of y and 104?
13
Let t(b) = b**3 + 3*b**2 + 2. Let l = 4 + -7. Let n be t(l). Suppose -4*i + 80 = i. Calculate the greatest common factor of i and n.
2
Let x = 6 - 10. Let q = 16 + x. Suppose 4*o - q = 0, 5*v - 278 = 3*o - 37. What is the greatest common divisor of v and 125?
25
Let f(z) = 13*z + 13. Let m be f(0). Suppose 3*q - 342 = -3*j, -5*j = -2*q + 201 + 48. What is the greatest common divisor of q and m?
13
Let y = 58 + -28. Calculate the highest common factor of y and 45.
15
Let p(a) = -a**2 + a - 26. Let f be p(0). Let s = -9 + f. Let i = 67 + s. Calculate the greatest common factor of i and 80.
16
Suppose 3*v - 2*z + 0*z = 1022, 3*z = 6. Suppose 5*g = -17 + v. What is the greatest common factor of g and 26?
13
Let y(l) = 10*l**3 + 5*l**2 - 2*l - 5. Let a be y(2). What is the greatest common divisor of a and 13?
13
Let n(v) = 4*v**2 - 2*v - 2. Let j be n(3). Let p = 61 - j. Let g(q) = q**3 - 12*q**2 + 12*q. Let d be g(11). What is the greatest common divisor of d and p?
11
Let q be (8 - -4)/((-1)/(-4)). Calculate the greatest common factor of q and 6.
6
Let w be 1362/15 - (-1)/5. Suppose -3*x + w = -341. Calculate the highest common divisor of x and 16.
16
Let x be (-67 + -3)/(2/(-2)). Suppose -r - 4*y = 1, r + 5*y = -4*r + x. What is the highest common factor of r and 38?
19
Suppose 0 = -5*k - 3*k + 784. What is the highest common factor of k and 14?
14
Let f = 10 + -6. Suppose -2*m - 62 = -c + m, -222 = -f*c - m. Suppose 4*r = 23 + 5. Calculate the greatest common divisor of r and c.
7
Let i be (-1 - 0) + -2 + 15 + -6. Calculate the highest common divisor of 42 and i.
6
Let m be 36/15*(-15)/(-2). Suppose -2*r + 3*d = -4*r + 561, -5*r + 1414 = -4*d. Let w = r - 138. What is the highest common divisor of w and m?
18
Let s = 285 - 43. What is the greatest common divisor of s and 22?
22
Let k be 20/6*(10 + -1). Calculate the greatest common divisor of 15 and k.
15
Let l be -2*(1 - 3)/(-4). Let v be l/(-3) + (-78)/(-9). What is the greatest common factor of 1 and v?
1
Suppose 0 = 3*y - 15, -2*g - 4*y + 1424 = g. Calculate the greatest common divisor of g and 52.
52
Let s(v) = v**3 + 8*v**2 - 2*v - 5. Let c be s(-8). Let u(p) = 15*p - 7. Let g be u(10). Let q = g + -22. What is the highest common divisor of c and q?
11
Let n = 203 + -71. Calculate the highest common factor of 12 and n.
12
Let t be (-10)/(-3)*12/10. Let a be (-10 - 1)/((-22)/88). What is the greatest common divisor of a and t?
4
Let d(h) = -h + 2. Let k be d(-4). What is the highest common divisor of k and 18?
6
Let k(a) be the third derivative of -a**4/24 + a**3 - 3*a**2. Suppose -f + 10 = -2*f. Let d be k(f). What is the greatest common factor of d and 2?
2
Let m(h) = h**2 + 3*h + 11. Let u be m(-5). Let y be 4/(-14) - 1178/(-7). Calculate the highest common divisor of y and u.
21
Let k = 11 - -1. Let c = -1 - -13. Calculate the highest common divisor of k and c.
12
Let f(r) = 5*r - 6. Let u be f(5). Let d = u - 15. Calculate the greatest common divisor of 2 and d.
2
Let g(p) = p**3 + 6*p**2 + 6*p + 7. Let o be g(-5). Suppose 4*b - x - x = 210, -262 = -5*b + o*x. Calculate the greatest common factor of b and 13.
13
Let w be 2*((-2)/(-2))/1. Suppose -w*k + 71 = -85. Calculate the greatest common factor of 13 and k.
13
Let l be 8/(-12) + 16/6. Let h be 2/3*45/l. Let x be (-60)/(-8)*(-8)/(-10). Calculate the greatest common divisor of h and x.
3
Suppose -5*y + 3*t + 8 = 0, -y - t - 2*t = 2. Let z = y - -2. What is the highest common factor of 27 and z?
3
Let j be (-151)/(-4) - 1/(-4). Suppose a - 19 = t, 2*t = 2*a + 5*t - j. Calculate the highest common factor of 190 and a.
19
Suppose -2*v + 19 = -4*b - 11, -2*v + 15 = b. What is the highest common factor of v and 45?
9
Let a be 7/(21/60) - -1. Let g be 6/(-2 + (-512)/(-252)). What is the highest common factor of g and a?
21
Let m = 17 - 3. Calculate the highest common factor of m and 56.
14
Suppose 27 = q - 24. Let v be -1 - (2 + -1) - (-11 + -25). Calculate the greatest common factor of v and q.
17
Suppose 0 = 2*f + 3*f + 55. Let k = f + 25. Suppose 3*z = -0*b + 3*b + 6, -z = 3*b - k. What is the greatest common divisor of 45 and z?
5
Suppose 13*s - 9*s - 400 = 0. Let a be 19/2 - (-1)/2. What is the greatest common divisor of a and s?
10
Let g(z) = z**3 - z**2. Let y be g(-1). Let c be -4*((-338)/8 - y). What is the highest common factor of 23 and c?
23
Suppose -3*y + 0*y + 3*b = 12, 5*y + 8 = 2*b. Suppose -3*s + 294 = -y*s. Calculate the highest common factor of s and 14.
14
Let w(b) = b**2 - 3*b - 3. Let p be w(-2). Let y = 2 - 0. Suppose 2*s = y*n + 216 - 60, -3*n = 2*s - 151. Calculate the greatest common factor of s and p.
7
Suppose -2*a - 8 = 0, 0*a = 5*b - 3*a - 37. Let v = 23 - b. Suppose 0*i - 37 = -i - 5*s, 0 = -5*i - 2*s + 70. What is the greatest common factor of i and v?
6
Let g = 4 + 7. Let k = g - 5. Let w(h) = h + 30. Let z be w(0). Calculate the highest common divisor of k and z.
6
Let q(r) = 6*r**2 + 3*r - 3. Let h be q(-5). What is the greatest common factor of 12 and h?
12
Suppose 4*s - 4 = 4*m, 0 = 4*s - s - 15. What is the greatest common divisor of 1 and m?
1
Let m = -47 + 64. What is the highest common divisor of 306 and m?
17
Suppose -155 = -5*i + 230. Suppose -4*z - i = -237. Let s = -22 + 27. Calculate the highest common factor of s and z.
5
Let c = 9 - -2. Suppose -c + 8 = -m. Let j(u) = -u**3 + 4*u**2 + 3. Let r be j(3). Calculate the greatest common factor of m and r.
3
Let j be (-11)/3*6/(-2). Let b = -6 - -10. Let a be b/(-2)*(1 - 23). Calculate the highest common divisor of j and a.
11
Let r(d) = d**3 - 7*d**2 + 6*d + 8. Let t be r(6). Let g = 8 - 6. What is the greatest common divisor of g and t?
2
Suppose -5*t + 0*t - 40 = 0. Let j(y) = y**3 + 10*y**2 + 7*y - 9. Let u be j(t). Suppose k = 3*k - 14. Calculate the highest common divisor of k and u.
7
Suppose 20*b = 24*b - 224. Calculate the greatest common factor of b and 7.
7
Let j = -8 + 10. Suppose 5*a = -2*c + 88, 2*c = 2*a - j*c - 40. What is the greatest common divisor of a and 126?
18
Suppose 2*x - 48 = -x. Let p(r) = -8*r. Let k be p(-4). What is the highest common divisor of x and k?
16
Suppose -2*k + 2312 - 170 = n, -k + 8603 = 4*n. Let a be 4/14 + n/14. Calculate the highest common factor of 22 and a.
22
Let g be 12/4*(-40)/(-6). Let p = 4 + g. Let v = p + -14. Calculate the greatest common factor of 2 and v.
2
Let h = 1 + 9. Suppose 10 = d - 4*o - 28, 4*o = -4*d + 212. What is the highest common divisor of d and h?
10
Let q = 143 + -99. What is the highest common divisor of 77 and q?
11
Suppose -5 = -3*u + 4. Suppose 5*c - 20 - 4 = 4*g, u*g + 12 = 3*c. What is the highest common divisor of 8 and c?
8
Suppose 7*s - 3 = 4*s. Let o be 4 - 1 - (-39)/s. Calculate the greatest common factor of 7 and o.
7
Let w = 32 + -17. What is the greatest common factor of 6 and w?
3
Let n(v) = -v**3 - 5*v**2 - 3*v - 3. Let h be n(-5). Suppose 0*m - 192 = -2*m. Calculate the highest common factor of m and h.
12
Suppose 4*h = -3*u + 60, -4*u = -3*h + 34 + 36. Calculate the greatest common divisor of h and 6.
6
Suppose -2*s = 4*d + s - 226, -d + 5*s = -45. What is the highest common factor of d and 165?
55
Let d(y) = -y**3 - 14*y**2 + 10*y - 20. L